s k composite?
False
Let x(y) be the second derivative of -11*y**6/360 - y**5/24 - y**4/4 - y. Let v(b) be the third derivative of x(b). Is v(-4) prime?
True
Suppose -3384 = -x + 4891. Suppose -3*y = 2*y - x. Is y a prime number?
False
Let d be (-1)/(-4 + (-172)/(-44)). Let h = d + -10. Is (335 + (-5 - -1))/h a composite number?
False
Suppose -3*f + 3*b = -1914 - 1875, -5*f = 2*b - 6308. Is f a composite number?
True
Suppose 0 = 18*r - 17*r + 4. Let k(o) = -10*o + 7. Is k(r) a composite number?
False
Let g = 109 - 111. Is (-5 - (g - 8)) + 1982 a composite number?
False
Let z(k) = -59*k + 3. Suppose 0 = -r - 13 + 12. Let m be z(r). Suppose -2*u - 4*x = -3*x - m, u - 2*x - 41 = 0. Is u composite?
True
Let a(z) = 4*z**2 + 629*z - 1256*z - 7 + 619*z. Suppose g = 3*g + 12. Is a(g) composite?
True
Is -1 + 7900 - (-10 - -8) a prime number?
True
Suppose m = -4*m - 4*v + 23265, 0 = -m + 5*v + 4653. Is m/33 + (1 - 2 - -1) prime?
False
Let x = 4296 + -2393. Suppose 4*o - x + 675 = 0. Is o a prime number?
True
Let v be 422/1 + 0 + 0. Let y = -906 + 1621. Let t = y - v. Is t prime?
True
Let h(j) = j + 85. Let w be (-6 - 0)/((-18)/(-81)). Let a = 27 + w. Is h(a) composite?
True
Let g be (-88)/(-14) + (-20)/70. Suppose g*l = l. Suppose 5*b = -3*t + 134, -t = -b - l*b - 58. Is t a prime number?
True
Suppose 5*w - p - 867 = -0*w, 0 = 4*w - 4*p - 700. Suppose -w = 2*s + 283. Is 1/((-3)/s*4) prime?
True
Let m be ((-87)/5*-29)/(2/10). Suppose 2 = 2*z, 0 = 4*l + 5*z + 2 - m. Is l composite?
True
Suppose -10*t + 5097 + 1313 = 0. Is t a prime number?
True
Suppose 4*h = 5*h + 3. Let n be h/1 + (-476)/(-7). Suppose 3*t - 206 = 6*f - 11*f, 0 = t - 2*f - n. Is t a prime number?
True
Let q(m) = -118*m**3 - 3*m**2 + 7*m + 12. Let k be q(5). Is ((-2)/3)/(12/k) composite?
False
Suppose m + 4*s - 791 = -258, 3*m = 2*s + 1599. Is m a prime number?
False
Let n(w) = -155*w**2 - 17*w + 4. Let m(y) = -155*y**2 - 18*y + 4. Let h(t) = -5*m(t) + 4*n(t). Is h(-5) a prime number?
True
Suppose -3*l = -15 - 3. Is 219 + (l - (1 - -1)) a composite number?
False
Is (-4)/30 + 1680420/900 a prime number?
True
Suppose -4*v - 974 = -5*g, 0 = -5*v + 15 + 5. Let t be (g/55)/(1/145). Let r = 733 - t. Is r composite?
False
Let q be 3 + 7/((-21)/2154). Let z = q - -2682. Is z a prime number?
False
Suppose -2391 = -k - 4*y, 0 = -5*k + 5*y - 8*y + 11972. Is k a prime number?
False
Let z = 252 - -56. Suppose 5*p + 3*q = -z + 2076, 2*q = 4*p - 1410. Is p a prime number?
True
Let x(d) = d**2 - 12*d + 22. Let o be x(10). Is 3648/4 - (1 - o) a prime number?
False
Let r = 2105 - -1071. Suppose -3*z + 5*o + 998 = -930, -o + r = 5*z. Let p = z + -143. Is p prime?
False
Let q(f) = 6*f**2 + 2*f + 1. Let s(t) = -t**3 - 3*t**2 + 2*t - 3. Let d be s(-4). Is q(d) a composite number?
True
Let z = -30 - -11. Let w(v) = -v**3 - 20*v**2 - 31*v - 25. Is w(z) a composite number?
True
Let c(f) = f**3 - 9*f**2 + 12*f + 6. Let d be c(7). Is 76731/12 - 6/d a composite number?
True
Suppose -2*m - 2 = -6. Suppose -5*g + m*g + 2313 = 0. Is g prime?
False
Let x = 11 - 4. Let g(d) = -30*d - 75. Let b(a) = 6*a + 15. Let m(n) = 11*b(n) + 2*g(n). Is m(x) composite?
True
Is 2*5/(-60) + 407135/30 a prime number?
False
Let d(q) be the first derivative of -2*q**3/3 - 7*q**2 - 10*q - 1. Is d(-5) a composite number?
True
Let m = 9 - 20. Let y be (m + 2273)/((-3)/(-2)). Is (2/4)/(2/y) composite?
True
Let k be 718/(-9) + 4/(-18). Let b = 301 + k. Is b prime?
False
Suppose -2*a + 11976 = -1416. Suppose -a = -5*u + 4*v + 2551, 0 = -u + 4*v + 1859. Is u composite?
False
Let y be (-4519)/(-8) - 5/(-40). Let c = y + -366. Is c a prime number?
True
Let h(x) = 140*x**2 - 10*x - 5. Let b be h(-5). Suppose -11*j = -6*j - b. Is j prime?
True
Suppose 6*m - 9*m + 10167 = 0. Is m composite?
False
Let a(g) = -6*g + 25. Let m(k) = 5*k - 24. Let c(u) = 6*a(u) + 7*m(u). Let h(q) = -q - 1. Let t(i) = -c(i) + 6*h(i). Is t(-5) composite?
False
Let v be -3*25/30*(3 + 1). Is (1164/(-15))/(4/v) a composite number?
True
Is ((-72072)/(-1) + 1)*(-22)/(-22) prime?
True
Suppose -2*b = -3*b - 8. Let d = b - -7. Is (-52 - 6/(-2))/d a prime number?
False
Let a = -2346 - -3469. Suppose -3*n = -0*i - 5*i + 5, 5*n = -3*i + 37. Suppose 5*t = -2*q + 436, n*q - 6*t + 2*t - a = 0. Is q prime?
True
Suppose 14 = -5*k + 2*v + 59, -3*k + 5*v = -46. Let y(b) = -b**3 + 8*b**2 - 8*b + 2. Let q be y(k). Let h = q - -8. Is h a composite number?
False
Let c = -47 - -68. Suppose 2*x + c = -a, 2*a + 6 = 4*a. Is x/48 + (-3050)/(-8) composite?
True
Is (2 + 0)/2 - (43 - 1935) a composite number?
True
Let p be (15/10 + 1)*2. Suppose 4*i + 113 = p*i. Is i a prime number?
True
Let a be (-30)/42 + 6/(-21). Let h be (2/a + 4)*2. Suppose -34 - 326 = -h*z - l, 3*z - 283 = -4*l. Is z a composite number?
False
Let f(d) = 13*d - 3. Suppose -u - 35 = -3*a, -3*u = -2*a + u + 40. Is f(a) composite?
False
Let d = -7 - -13. Let l(s) = 6 + s + d*s - 4*s - 23. Is l(12) a composite number?
False
Suppose -1334 = -2*w + 7728. Is w a composite number?
True
Let p(c) = 2*c**3 + 2*c**2 - 2*c + 3. Let b be p(2). Let a = -19 + b. Suppose -2*j = 3*d - 148 - 118, 0 = -3*j - a*d + 401. Is j a prime number?
True
Let w(j) = j**3 + 19*j**2 - 29*j + 14. Is w(-19) a composite number?
True
Let r be (33/(-1) - 0)/(9/(-708)). Let j = r + -842. Is j prime?
False
Suppose 5*n + 4*m - 39403 = 0, -5*m - 31526 = -4*n - 7*m. Is n a prime number?
True
Let t = 4111 + -1326. Is t a composite number?
True
Suppose 0 = 9*w - 5*w - 2*a - 13798, -2*w = -4*a - 6902. Is w composite?
False
Let l = 36 + -20. Suppose 3*s = 101 + 85. Let g = s - l. Is g composite?
True
Suppose 0 = 5*v + 92*o - 90*o - 27509, 5*o + 5491 = v. Is v composite?
False
Let v(b) = -3*b**2 + 86*b**3 + 2*b + 56*b**3 + b - 2*b - 5. Is v(3) a prime number?
False
Let z = -3159 + 4750. Is z a prime number?
False
Suppose -88758 = -71*h + 106208. Is h a prime number?
False
Let a be ((-14)/(-3))/(26/39). Suppose -3*v - 1564 = -a*v. Is v a composite number?
True
Let l be (-3)/(1 + -3 + 1). Suppose -l*r - 24 = -9*r. Suppose r*x - 254 = 254. Is x prime?
True
Let s = 10 - 5. Let i(l) = l**2 + l - 1. Let y(z) = 6*z**2 - 13*z + 2. Let r(q) = s*i(q) - y(q). Is r(16) a composite number?
True
Suppose -5*k - 7682 = s, 4*s - 3791 = 3*k + 809. Is -4 - (k/4 - -1) composite?
False
Let o be ((-666)/27)/((-4)/258). Let b = o + -1026. Is b a prime number?
False
Suppose 2*q - 50 = 3*q - 2*b, 0 = -4*q - 4*b - 152. Suppose -265 = -4*w + 6231. Is (w/q)/(4/(-6)) a prime number?
False
Let r(d) = -d**2 + 21*d + 5. Let g be r(21). Suppose -2*b = -7*b + x + 2662, g*x = -b + 548. Is b a composite number?
True
Let c be 6/(-4)*-2 - -2. Suppose w - 245 = -3*w + c*v, -5*w + 4*v = -313. Is w a composite number?
True
Let f be (-1 - 5) + (-4 - -2) + 2. Is ((-39)/2 + 1)*f composite?
True
Suppose 0 = -10*h - 1566 + 4416. Let m = -34 + h. Is m prime?
True
Suppose v - 5 = -3*u, -3*v = -8 - 7. Suppose 2*p = -m - u*m + 2718, m = -4*p + 5440. Is p a composite number?
False
Let v = 33 - 33. Suppose v = -4*i + 1096 + 3180. Is i a prime number?
True
Let f(j) = j + 22. Let d be f(-14). Suppose -15324 = -20*k + d*k. Is k composite?
False
Let n = 235 + -122. Suppose -19 = -4*w + n. Let v = w - -26. Is v a prime number?
True
Let b(o) = 3*o - 4. Let i be b(6). Let a = i + -10. Suppose -1035 = -a*l + d, -4*d + 522 = 2*l - 0*d. Is l prime?
False
Suppose 15*n + 931738 - 2998303 = 0. Is n prime?
True
Let a(o) = o**2 + 24*o**3 + 0*o**2 + 19 + 102*o**3 + o**2 - 20. Suppose 0*n - 3*n + 3 = 0. Is a(n) a composite number?
False
Suppose 2*q = q - 5, -4*q = -3*v + 35. Let g(t) = 162*t - 13. Is g(v) prime?
True
Let f(u) = -2*u**2 + 31*u - 13. Let t be f(15). Suppose 1578 = t*a - 3040. Is a composite?
False
Suppose 0 = 30*c - 33*c + 97806. Is c prime?
False
Suppose 1 + 1 = 5*u + 2*c, 1 = -3*u + c. Suppose -4*p + 3*s + 2*s - 804 = u, 376 = -2*p - 4*s. Let z = 275 + p. Is z prime?
True
Let l(r) = 6*r**2 - 9*r + 23. Let m be l(6). Suppose 3*b = -2*b + m. Is b a prime number?
True
Suppose 19*g - 25*g = -108822. Is g composite?
True
Let u(i) = -30*i**3 + 16*i**2 + 3*i - 7. Is u(-6) a prime number?
False
Let g(x) be the second derivative of x**5/20 - x**4/2 + 5*x**3/6 + 2*x**2 - 9*x - 1. Let i be 9/((3/2)/1). Is g(i) a composite number?
True
Su